9 + 1951. Let z be (c/56)/((-22)/77). What is the highest common divisor of w and z?
3
Let t(g) be the third derivative of -16*g**2 + 0*g + 1/3*g**3 - 83/12*g**4 + 0. Let v be t(-1). What is the greatest common divisor of v and 48?
24
Let i(d) = -d**2 + 15*d + 9. Let z be i(13). Let l = z + -17. Suppose -7*c = -648 + 18. What is the greatest common factor of l and c?
18
Suppose 4*n - 16 = 0, 26*l = 31*l - 2*n - 7. Suppose 0*i = -l*i - 4*g + 178, 0 = i + 5*g - 41. Calculate the greatest common factor of i and 759.
33
Let z be (1/(-2))/((-1)/1828) + -2. Let a = 273 - 197. Calculate the highest common divisor of a and z.
76
Let v be 5 - 3 - (-158 + 0). Let n be ((-266)/95)/((-2)/(-10))*-5. What is the highest common divisor of v and n?
10
Let u = -19004 - -19052. Calculate the greatest common factor of 912 and u.
48
Let q = -38 - -59. Let s be q + (1 - (-1 + 3)). Suppose -66*k - 445 = -69*k - 145. Calculate the highest common divisor of s and k.
20
Let q be (-18 - (-13 - -14)) + 76. Let c = -51 - -89. What is the greatest common factor of q and c?
19
Let d(l) = -l**3 - 30*l**2 + 138*l + 94. Let o be d(-34). Calculate the highest common divisor of 22009 and o.
13
Let j(a) = -33*a**3 - 10*a**2 - 26*a + 12. Let n be j(-6). Suppose -17*y = 34*y - n. What is the greatest common divisor of y and 8?
8
Let z = -289 - -421. Let b = 709 - 910. Let n be (-8)/(6 - b/(-33)). Calculate the greatest common factor of z and n.
44
Let z(v) = -v**2 + 7*v - 7. Let l = -66 + 69. Let u be z(l). Suppose -5*f - 3*b + 91 = 0, -3*f = -u*b - 9 - 32. Calculate the highest common factor of 17 and f.
17
Let j = -3226 - -3360. What is the greatest common divisor of 134 and j?
134
Let o(g) be the second derivative of 5*g**3/2 - 10*g**2 - 47*g. Let x be (7/28)/(2/32). Let z be o(x). Calculate the greatest common factor of z and 80.
40
Let r = -21 - -25. Suppose 66*q - 10472 = -50*q - 122*q. Calculate the highest common factor of r and q.
4
Let r = -57 + 65. Let i(k) = 12*k - 14. Let t be i(r). Let q = 137 - t. What is the highest common factor of q and 11?
11
Let d be (-34785)/(-25) + (-3)/(-5). Let p be (d/60)/(4/10). Let g = 248 + -161. Calculate the greatest common factor of p and g.
29
Let i(j) = j + 9. Let h be i(-5). Suppose -572 = 7*c - 8*c. Suppose -c = -20*k + 9*k. What is the greatest common factor of k and h?
4
Let h = -9873 + 9953. Let m be 19 + (2/5 - (-68)/(-20)). What is the greatest common divisor of m and h?
16
Suppose -5*d - 4*k + 15241 = 0, 33*d - 3*k - 3052 = 32*d. Calculate the highest common divisor of d and 1.
1
Suppose 5245*j - 5226*j = 14136. What is the highest common factor of j and 5828?
124
Let h be 741/21 + 8/(-28). Suppose 125 - h = 2*p. Suppose 5*n - 2*n = 54. Calculate the highest common factor of p and n.
9
Let d(u) = u**3 + 19*u**2 - 28*u - 32. Let l be d(-20). Let k(s) = 15*s - 54. Let t be k(10). What is the highest common divisor of l and t?
32
Let i = 1283 + -1279. Let j be 4/(-6) + 114/9. Let s be (-1)/(-4) - (-45)/j. What is the highest common divisor of s and i?
4
Suppose 38 = -r - 3*c - 4, -2*c - 178 = 4*r. Let j = -41 - r. Suppose 4*t + 43 + 25 = 2*k, 0 = k + j*t - 52. What is the highest common factor of 40 and k?
40
Let r = -17777 + 17786. What is the highest common factor of r and 15228?
9
Suppose -4*o + v = -1605, 60*o - 49*o = -4*v + 4461. Let x(c) = 2*c**2 + 5*c + 6. Let p be x(-5). Calculate the greatest common factor of p and o.
31
Suppose 2244 = -141*m + 147*m. Suppose 3*t = -5*b - 2*t + 1890, t = b - m. What is the greatest common divisor of b and 47?
47
Let x(t) be the second derivative of -5*t**2 + 19*t + 1/3*t**4 + 0 + 1/2*t**3 - 1/20*t**5. Let s be x(3). What is the greatest common factor of s and 96?
8
Let w(i) = i**2 - 3. Let l be w(-6). Suppose 3*h = 2*h + 3. Let f be -1*(h + -3 + -1) + 362. What is the greatest common divisor of f and l?
33
Let a(h) = 15*h - 304. Let q be a(21). Suppose -251*j - 880 = -255*j. Calculate the greatest common divisor of j and q.
11
Let f be 4/12*(3 + 3)*6. Calculate the highest common factor of f and 156.
12
Suppose -105*s = -34*s - 23*s - 19*s - 5452. Suppose 175 = -4*k + 1115. Calculate the greatest common factor of k and s.
47
Let t = 26433 + -26059. Let n be 1*(-3 - -1) + 0. Let q be (-1)/n - 335/(-10). What is the highest common divisor of t and q?
34
Let a(d) = -7*d**3 - 26*d**2 + 35*d + 50. Let u be a(-18). What is the greatest common factor of 185 and u?
185
Let w(u) = 69*u**2 - 12*u - 18. Let o be w(2). What is the greatest common factor of o and 234?
234
Suppose 2267 - 48 + 2473 = 69*v. Let n be 12/(-1)*(-6)/9. Calculate the greatest common divisor of v and n.
4
Let f be (-56)/(-2)*(-15 - -14). Let h = -545 + 609. Let g = h + f. What is the highest common factor of 72 and g?
36
Suppose 0 = -5*w + 53 - 33. Let s be 5166/45 + (-2)/(-10). Suppose -w*q + s = 5*h, 27 + 64 = 3*h - 2*q. Calculate the highest common factor of h and 9.
9
Let f(h) = h**2 - 16*h + 15. Let g be f(15). Suppose g = -4*z - 4*b + 820, 5*b = -22 + 7. What is the highest common factor of z and 13?
13
Let m be (39/2)/(2268/376 + -6). What is the greatest common factor of m and 13?
13
Let i(b) = -35*b**3 - 2*b**2 - 2*b - 1. Let d be i(-1). Let f = 96389 - 96083. Calculate the highest common divisor of d and f.
34
Let x(s) = 4*s + 12. Let b be x(-4). Let z be (-1)/b - ((-689)/(-4))/1. Let y = -116 - z. Calculate the greatest common divisor of 8 and y.
8
Let l be (-1)/(-1) - -22 - (-1)/((-1)/4). Let z be 512/3 + 2/6. Calculate the highest common divisor of z and l.
19
Let s be (2/(-6) - (-10)/(-15))*-23. What is the greatest common divisor of 7751 and s?
23
Let z(f) = -413*f + 1836. Let y be z(4). Calculate the highest common divisor of y and 276.
92
Let t(k) = 6*k + 14. Let x be t(-11). Let b = -31 - x. Let o = 30 - b. What is the highest common divisor of o and 18?
9
Let t(k) = -3*k - 34. Let o be 1/3*6 + 2. Let s be (4 - 18)/((o + -3)/1). Let n be t(s). What is the greatest common factor of n and 32?
8
Suppose -x + 4*t + 97 = 0, -9*x + 0*t - 3*t = -951. What is the greatest common divisor of 555 and x?
15
Suppose 35 = 5*f - 15 - 20. Let o be (-1)/((-2 + 3)*1). Let p be o*(-3 + 1) + 2. Calculate the highest common divisor of p and f.
2
Suppose 0 = -60*a + 424*a - 314496. Calculate the highest common divisor of 96 and a.
96
Let q = -3013 + 3031. Calculate the highest common divisor of q and 1026.
18
Let w = 588 + 2942. Calculate the greatest common divisor of w and 2471.
353
Suppose -2*o + 3027 = -4*g - 1361, g - 6631 = -3*o. What is the highest common divisor of 1248 and o?
96
Suppose 76*z - 72279 = 58119 - 13662. Calculate the greatest common divisor of 24 and z.
24
Let n(s) = -244*s - 4114. Let y be n(-17). Calculate the greatest common factor of 466 and y.
2
Let a(z) = 540*z - 409. Let o be a(2). Calculate the greatest common factor of 488 and o.
61
Suppose 0 = -3*s + 9, -8*q - 1566 = -12*q - 2*s. What is the highest common divisor of q and 13?
13
Suppose -81*c = -1354 - 1319. What is the highest common factor of 3993 and c?
33
Suppose -4*q = -88 + 44. Let i be 48/(-8)*q/(-2). Let g be (44/(-8))/((-1)/4). Calculate the greatest common factor of i and g.
11
Suppose 74*b - 4482 = 4398. What is the highest common factor of b and 1776?
24
Let a(z) = 89*z + 3397. Let n be a(-20). What is the greatest common divisor of n and 1470?
147
Suppose 20*n = 23*n - 312. Let v be ((-1404)/n)/((-2)/8). What is the greatest common divisor of v and 6?
6
Let k be (1/(-2))/((-2)/16*1). Suppose -c + 2*c = k. Suppose b - 77 = -3*r, -4*b + 4 + c = 0. Calculate the highest common divisor of r and 100.
25
Let h be (1631/(-14))/((-2)/(-12)). Let b = -257 - h. What is the highest common factor of 26 and b?
26
Suppose -28*p = -29*p - 86. Let u = p - -89. Suppose u*h = -18*h + 126. Calculate the highest common divisor of 1 and h.
1
Let r be (1235 + -2)*(-1 + 24/18). What is the greatest common divisor of r and 1370?
137
Let j be (104/(-24))/(1/57). Let o = j - -343. What is the greatest common divisor of o and 528?
48
Suppose 17*y + 19*y = -108. Let t be 2 - y*(-582)/(-18). What is the greatest common divisor of 176 and t?
11
Let g(r) = 2*r**3 - 153*r**2 - 81*r + 698. Let j be g(77). Calculate the greatest common factor of 1650 and j.
3